t t = 497 - 347. Calculate the greatest common factor of t and 240.
30
Let j(k) = k**3 - 12*k - 3. Let z be j(7). What is the greatest common factor of 16 and z?
16
Let v = 25 + -23. Suppose 0*y - v*y + 126 = 0. Let x be (-3020)/(-18) - (-14)/y. What is the greatest common divisor of 24 and x?
24
Suppose 3*a + 1 = 7. Let w(j) = 7 + 6*j + 5 + 0*j**a - 4 + j**2. Let b be w(-9). What is the greatest common factor of b and 7?
7
Suppose 5*s - 24 = -3*v, s - 6 - 9 = -4*v. Suppose -3*o = 6, t + 3*o + 9 + 17 = 0. Let b = -11 - t. Calculate the greatest common divisor of s and b.
3
Let f(m) = 47*m - 133. Let o be f(4). Suppose a = -r + 38, -2*a = -r - 3*r - 46. What is the highest common divisor of o and a?
11
Suppose -3*k - 1 = -5*i, 3 + 4 = 3*i - 5*k. Let c be ((-30)/(-20))/(((-1)/6)/i). Calculate the highest common divisor of c and 171.
9
Let m(k) = -9*k + 92. Let o(l) = -8*l + 91. Let z(n) = -5*m(n) + 6*o(n). Let c be z(26). Calculate the highest common factor of 6 and c.
2
Let f(i) = i**2 + 8*i + 80. Let w be f(0). Calculate the greatest common factor of w and 272.
16
Let j(k) be the third derivative of -3*k**4/8 - 19*k**3/3 - 6*k**2. Let n be j(-6). What is the greatest common factor of n and 32?
16
Let l be (1683/(-22))/(3/(-4)). What is the highest common divisor of l and 68?
34
Let y(z) be the third derivative of 0*z - 3/8*z**4 - 1/60*z**5 - 5*z**2 + 0*z**3 + 0. Let b be y(-8). What is the greatest common divisor of b and 16?
8
Let x = -104 - -140. Calculate the greatest common divisor of x and 60.
12
Let u be (-10)/(-3)*78/5. Suppose 70*m + 109*m + 3*m - 23660 = 0. Calculate the greatest common factor of u and m.
26
Let y be (4/(-3))/((-18)/81). Let k = -107 - -140. Calculate the greatest common factor of y and k.
3
Let k(v) = -5*v**2 + 41*v. Let b be k(8). What is the greatest common divisor of b and 40?
8
Suppose l = -5*f + 6, 4*l + 26 = 4*f + 2. Let j be 2/l - 972/(-8). Suppose 3*g = 2*g + j. Calculate the highest common divisor of g and 11.
11
Suppose 0 = 5*o + 25, 23 = 2*v + v + 2*o. Suppose -v*r = -15*r - 60. Let b = 23 + r. What is the greatest common divisor of 64 and b?
8
Let u = -118 - -168. Let l(h) = 5*h**2 + 4*h + 3. Let c be l(-1). Suppose -c*v - 31 = -111. What is the highest common factor of u and v?
10
Let w be 4/((-24)/(-2310)) + 7/1. Calculate the greatest common divisor of 147 and w.
49
Suppose 100 = -5*a - 35. Let g be (-36)/1*18/a. Calculate the greatest common divisor of 36 and g.
12
Let s = 107 - 177. Let z = s - -94. Calculate the greatest common divisor of 72 and z.
24
Suppose -13*a = -17*a + 64. Let y be 8/a + (-139)/(-2). Calculate the greatest common divisor of 28 and y.
14
Let z = 91 - 37. Let r be 1340/45 - 3*(-4)/z. Calculate the highest common divisor of 50 and r.
10
Let w be (-6)/(0 + (72/39 - 2)). Calculate the highest common factor of w and 13.
13
Suppose 239 + 209 = 14*j. Let x be -2 - 0 - -3 - -3. What is the greatest common divisor of x and j?
4
Let c be (-4487)/(-28) - 1/4. Suppose -15*y + c = -10*y. What is the highest common factor of y and 64?
32
Let h(r) = r**2 - 16*r + 43. Let q be h(13). Suppose 84 = 4*p - g + 5*g, 0 = q*p - 2*g - 108. What is the highest common factor of p and 10?
5
Suppose -3*q = -2*r - 255, 7*q + r + 84 = 8*q. Calculate the greatest common divisor of 493 and q.
29
Let j(d) = 285*d - 15. Let z be j(1). What is the greatest common factor of 40 and z?
10
Suppose o + 3*o + 57 = 3*w, -o - 18 = -w. Suppose -4*k = 5*r + 67, -r + 3*k = -2*r - 9. Let c be -3*w*r/25. What is the greatest common divisor of c and 27?
27
Let x be (-68)/(-20) - 9/(-15). Suppose 2*o - 44 = -o - 2*w, -4*w = -x. Calculate the highest common divisor of o and 7.
7
Let h(p) = p**2 + 18*p + 10. Let o(l) = l**2 + 18*l + 9. Let q(g) = -4*h(g) + 3*o(g). Let v be q(-15). Calculate the greatest common divisor of v and 4.
4
Let z = 711 + -590. Calculate the greatest common divisor of 22 and z.
11
Suppose 0 = 64*a + 38*a - 3366. What is the greatest common divisor of 44 and a?
11
Let q = -17 - -21. Suppose 3*m - q*i - 213 = 0, 0 = 4*m + 4*i - 3*i - 303. Calculate the highest common divisor of 30 and m.
15
Suppose 22*f = 158 + 612. Calculate the highest common divisor of 56 and f.
7
Let l(k) = -36*k - 2. Let c be l(-5). Suppose 3*i - c - 56 = 0. Suppose -p - 2*p + i = 0. Calculate the greatest common divisor of p and 65.
13
Let o be (6 + 0)*(-4)/6. Let d be 240/10*(-2)/o. What is the greatest common divisor of d and 132?
12
Suppose 115 = l - 5*d, -l = -0*d + 3*d - 75. Calculate the highest common divisor of 225 and l.
45
Let x be 3220/42 + (-8)/(-6). What is the greatest common factor of 338 and x?
26
Let j = 304 - 268. What is the highest common factor of j and 168?
12
Let t be (-260)/(-8) + -3 + 7/2. What is the highest common divisor of t and 66?
33
Suppose -14*u - 2*i + 286 = -9*u, 5*u - 292 = -4*i. Calculate the greatest common factor of u and 378.
14
Let i be (4/(-3))/((-84)/9702). What is the highest common factor of i and 44?
22
Let p(y) = y**3 + 20*y**2 - 27*y + 10. Let a be p(-21). What is the greatest common factor of 34 and a?
34
Let p be -18*(10/(-6) + -1). Let c = 51 - 45. Calculate the highest common divisor of p and c.
6
Let c(d) = 2*d**2 - 5*d + 2. Let i be c(4). Let v = -171 - -175. Suppose -5*q + g = -23 - 121, -128 = -4*q + v*g. What is the highest common factor of q and i?
14
Let d(z) = 6*z. Let f be d(-5). Let o = 34 - f. Suppose -5*k + 4*w = -o, 4*w + 28 = 2*k - 0*w. What is the greatest common factor of k and 12?
12
Let w(r) = r**2 + 43*r + 6. Let q be w(-19). Let u = q - -758. Calculate the highest common factor of u and 28.
28
Suppose 6*k = 7*k + u - 10, -3*k - 5*u + 32 = 0. Let a be (21/k - 1)*(-99)/(-6). Calculate the highest common factor of a and 2.
2
Let j be 47/1 + 1 - (17 - 17). Calculate the highest common factor of j and 108.
12
Suppose 0 = 1085*k - 1096*k + 220. What is the greatest common factor of 332 and k?
4
Suppose 11*s = 2*s + 162. What is the highest common factor of s and 99?
9
Let q be 367/9 + (-4)/(-18). Let d = 519 - 191. Calculate the highest common factor of q and d.
41
Suppose 0 = -2*d - 3*n + 91, 2*n = 3*d + n - 120. Suppose -5*g = -99 - d. Let l(m) = 3*m - 2. Let w be l(2). Calculate the greatest common factor of g and w.
4
Suppose -u + 1 + 2 = 0. Let f(m) = -3*m**2 + 17*m + 11. Let h be f(6). Suppose 2*k + u = h. Calculate the highest common divisor of k and 3.
1
Let i be -351*((-40)/15 - -2). What is the highest common factor of 104 and i?
26
Let k be -3*(15/(-13) + 6/39). Suppose k*c + 285 = 6*c. What is the greatest common factor of c and 19?
19
Let v(c) = 2*c**3 + 48*c**2 - 2*c + 35. Let z be v(-24). Calculate the highest common factor of z and 1.
1
Let g be -7 + 12/3 + 150/6. Let q be (-1)/(-3) - (-57)/(-9). Let f = g - q. Calculate the highest common divisor of f and 7.
7
Let y(p) = -11*p**3 - 7*p**2 - 10*p - 2. Let a be y(-1). Calculate the greatest common factor of a and 24.
12
Suppose 0*g = -g + 4*w - 2, 10 = -5*g + 5*w. Let v be (-1)/g*(-17 - -27). What is the highest common divisor of 15 and v?
5
Let r = -9 - -21. Let x(k) = -k**2 - k. Let c be x(-2). Let n(q) = -42*q. Let z be n(c). What is the highest common factor of z and r?
12
Let j = -158 - -188. What is the highest common factor of 18 and j?
6
Let m = -330 + 359. Calculate the highest common divisor of 1 and m.
1
Let i be (-5 + 138/24)*232/(-1). Let z = -89 - i. Calculate the greatest common divisor of 17 and z.
17
Let i(k) = -21*k + 56. Let j be i(-2). Calculate the highest common divisor of j and 343.
49
Suppose 11041*y + 96 = 11057*y. Suppose -3*h + 6 = -h. What is the greatest common factor of h and y?
3
Let k = 880 - 866. Calculate the greatest common factor of 6 and k.
2
Let m = 24 + -14. Let i be 20/8*12/15. Suppose -3*u = i*c - 181 + 41, 4*u - 3*c = 215. Calculate the highest common divisor of m and u.
10
Suppose -5*f + 3 + 27 = 0. Let l(r) = 8*r**2 + 2 - 4 + 3*r**3 - f*r**2. Let x be l(2). Calculate the highest common divisor of x and 10.
10
Let v be (-11 - (-326 + 2)) + 2*1. Calculate the greatest common divisor of v and 126.
63
Let y(j) = -19*j + 88. Let h be y(4). Calculate the highest common divisor of 180 and h.
12
Let a be 4*2/(-28)*-7. Let v = -67 + 69. What is the greatest common d